site number?
False
Suppose -2*h = -0*h + 6. Let q(s) = -4*s**3 + 3*s - 1 - s**2 + 5*s**2 + s + 2. Is q(h) a prime number?
False
Let l = 15 - 13. Suppose y + 50 = 4*t - 12, -l*t + 2*y + 34 = 0. Let n = t + 40. Is n a composite number?
True
Is ((-59)/(-2))/((-594)/(-84) - 7) a composite number?
True
Let l be 4 - (2/(-6))/((-5)/15). Suppose -2*v + 4*v = 18. Is l/(-9) - (-1470)/v a composite number?
False
Let p be 2/(-13) - 365648/104. Is (-2)/3*p/8 a composite number?
False
Suppose y + z = 5, 0 = -3*y - y + 4*z + 4. Suppose 0 = 3*g - 2*s - 1701 + 68, -5*s - 1639 = -y*g. Is g composite?
True
Let z = 54 + -50. Suppose z*y + 333 = 1281. Is y composite?
True
Let i = 1273 + -886. Let n = i - -347. Is n prime?
False
Let k(f) = f**2 + 3*f**3 - 2 - 2*f - 15*f**3 + 3 - 109*f**3. Is k(-2) a composite number?
False
Suppose -2*b - 2*b + 84275 = 5*y, 0 = -4*b. Is y composite?
True
Suppose 15*j + 3*r = 10*j + 239888, 0 = -3*j - r + 143932. Is j a prime number?
True
Suppose 0 = 192*k - 200*k + 3032. Is k a prime number?
True
Suppose 3*o = 3, -4*a + 1728 = 5*o - 289. Is a a composite number?
False
Let x(m) be the first derivative of 21*m**4/4 - 2*m**3/3 - m**2 + m + 3. Let j be x(2). Suppose -4*c + 8 = -4*t - 632, -4*t - j = -c. Is c composite?
True
Let j(s) = -148*s + 3. Let u(c) = -1. Let o(n) = -j(n) - 6*u(n). Let f be o(5). Let z = 1324 - f. Is z composite?
True
Suppose 4*z + 4*m = 12, 5*m + 5 = 2*z - 36. Let s = z - 5. Suppose -5*h + s*h = -282. Is h a composite number?
True
Suppose 3*m + 5*t = 3014, 2*t = 3*m - 2*m - 1012. Suppose 3*l - 5*c - m = 0, -473 = -3*l - 2*c + 556. Is l a composite number?
True
Let n be (-3)/(-9)*(3 - -15). Let h be 3830/n - 22/(-33). Suppose -w - h = -4*i, 3*w + 555 + 74 = 4*i. Is i composite?
True
Suppose 4*d + o = 3657, -5*o - 406 = -d + 482. Is d a composite number?
True
Let k = 3571 + -2222. Let h = 1400 + -446. Let o = k - h. Is o a composite number?
True
Let w = 17 + -1. Let p = -2186 - -1230. Is -2*p/w*2 a composite number?
False
Let c(k) = k**3 - 10*k**2 - 18*k + 13. Suppose -6*s + 5*s + 5*i + 17 = 0, -5*s + 2*i = -62. Is c(s) a composite number?
True
Let b = 17252 - 11711. Is b prime?
False
Let s = -663 + 1304. Is s a prime number?
True
Suppose 6 + 0 = o. Suppose 0 = 2*w - o*w + 1156. Is w a composite number?
True
Let z(j) = 214*j**3 - 3*j**2 + j + 1. Is z(3) prime?
False
Let p(c) = -c**3 + 12*c**2 - 12*c + 12. Let m be p(11). Suppose 5 = 3*o - m. Suppose 4*y - 86 + o = 0. Is y prime?
False
Suppose b - 549 - 106 = 0. Suppose 853 = y + 5*s, 4*y + 3*s - 2757 = b. Is y a composite number?
False
Let h be 1 - (-4 - -1 - 1). Suppose -h*q - 2*a = -289, -5*a = -5*q + 307 - 32. Is q composite?
True
Let w = 166 - -543. Let o = 1586 - w. Is o composite?
False
Suppose -15448 = 21*g - 29*g. Is g prime?
True
Let c(v) = -24*v**2 - 2*v - 1. Let i(p) = 24*p**2 + p + 2. Let r(k) = 2*c(k) + 3*i(k). Is r(3) a composite number?
True
Let g be ((1 + -2)/(3/6))/(-1). Suppose -5*m + 4*f = -813, -3*m + g*f + 489 = -f. Is m prime?
False
Let q = 180328 - 121470. Is q prime?
False
Let d be (-7 - -6)*(-820 - 1). Suppose -d + 5791 = 14*w. Is w a prime number?
False
Let d be 39466/(-35) - ((-4)/(-10) + 0). Let h = d - -1813. Is h composite?
True
Let t(j) be the second derivative of 8*j**3/3 + j**2/2 - 6*j. Let b be t(4). Suppose -5*o - 4*p = -9*p - b, -o + 21 = 3*p. Is o composite?
True
Let u = 13 + -9. Let c be u/(1 - 1053/1055). Let m = c - 1365. Is m prime?
False
Is (34025/6 - 2) + (-26)/(-156) composite?
False
Suppose -3*m = -w - 0*w - 9, 0 = 4*m + 2*w - 2. Suppose 0*d = m*d + 5*b - 504, 3*d + b = 769. Is d prime?
True
Let b(y) = -351*y**3 - 8*y**2 - 20*y - 7. Is b(-4) a composite number?
False
Let c(i) = 6593*i**2 + 6*i - 4. Is c(1) composite?
True
Suppose 0 = 36*j - 37*j + 1254. Suppose -4*d = -j - 422. Is d a prime number?
True
Let r(v) = 7*v**2 - 9*v. Let n be r(9). Let y = n + -43. Is y a composite number?
False
Suppose p = -176 + 17. Is p*((-2)/(-8))/((-3)/4) a composite number?
False
Let m be (-104)/16 - (-6)/4. Let g(s) = 2*s**2 - 12*s - 9 + 3*s - 2*s**3 - 5*s**2. Is g(m) a composite number?
False
Let z = -8 + 16. Suppose z*f - 532 = 4*f. Is f prime?
False
Suppose -5*w + 26 = 2*d, -3*w + 19 = 3*d - 11. Suppose 0 = d*c - 3*c - 395. Is c prime?
True
Suppose -5*n = m + 29, 4*m + 0 = 4. Let u be (-3600)/(-125) + (-3)/((-30)/(-8)). Let d = n + u. Is d a prime number?
False
Suppose -4*m - 119781 = o, m + 29958 = 6*o - 2*o. Is (-12)/66 + m/(-22) a prime number?
True
Let p(w) = -2*w - 28. Let n be p(-13). Is -2*(-9196)/104 + n/(-13) a composite number?
True
Let q(w) = -403*w + 120. Is q(-7) composite?
True
Suppose 2*r - 6*r = -20. Let s(y) = y**3 + 6*y**2 - y + 2. Let g be s(r). Suppose 61 = -o + g. Is o prime?
True
Let n be 23/(-2) + (-10)/(-20). Is 2/n - (-112)/11 a composite number?
True
Let i(y) = y**3 - 8*y**2 - 114*y - 74. Is i(29) a prime number?
True
Suppose -25784 = 5*i - 2824. Is (-12 + i)*2/(-8) prime?
True
Let y be (-1)/2 + (-14)/(-4). Let o be 6/(-4) + ((-6850)/4)/(-5). Suppose -10 = 5*b, -y*s - b + o = -2*b. Is s prime?
True
Is (140/8 + -17)/(1/45818) a prime number?
False
Suppose -18 = -0*y - 6*y. Suppose 2*l - 1894 = -3*h + 6*l, -3142 = -5*h + y*l. Is h composite?
True
Suppose -5*s + 625 = -2*b + 5*b, b = 5*s - 605. Let v = -250 + s. Is -3 + 3 - v - 1 composite?
False
Suppose -v - 2 = -5*z + 18, 5*z - 35 = 4*v. Suppose -897 = -3*a + 2*l, 0 = -0*l - z*l. Suppose -5*s + a + 1036 = 0. Is s composite?
True
Suppose -3*c + 3*r - 2*r + 11 = 0, 10 = -5*r. Suppose 2*q = c*w - 597, -q - 3*q = 0. Is w a prime number?
True
Let j(o) = 0*o - 8 - 2*o - 4 + 14. Let n be j(0). Suppose -228 = -x + p, p = -3*x + n*x + 218. Is x a prime number?
True
Let r(w) = -w**2 - 8*w - 7. Let m be r(-7). Suppose m*n = 5*n - 1325. Is n a prime number?
False
Let s(x) = 141 - 4*x + 5*x - 2*x. Suppose a + 0*a = 4*a. Is s(a) a prime number?
False
Let u be (-11)/33 + 8900/6. Suppose -3*x = 5*h - u, -x = -h - h + 602. Is h composite?
True
Let z = 19829 - 13112. Is z prime?
False
Let s(r) = 7*r**2 + 8*r - 14. Let o(t) be the first derivative of 13*t**3/3 + 8*t**2 - 27*t - 5. Let z(u) = 6*o(u) - 11*s(u). Is z(13) a prime number?
False
Let y = 67 + -62. Suppose k + 2*m - 737 = 0, -4*m + 3692 = y*k - m. Is k a prime number?
True
Let p(k) = k**2 + 6*k - 8. Let b be p(-7). Let v be 1 + 3 + (-2 - b). Suppose -v*z + 71 = -100. Is z composite?
True
Let k(t) = 7642*t + 223. Is k(10) prime?
False
Is ((-8)/((-192)/(-296632)))/((-2)/6) prime?
False
Suppose -5*u = -5*i + 14510, -7*u + 11*u + 2899 = i. Is i a prime number?
True
Let n = -8 + -1. Let s = n + 5. Let a(g) = 31*g**2 + 4*g + 1. Is a(s) prime?
False
Let z = -6723 + 18514. Is z a composite number?
True
Let t(a) = 6*a - 5. Let w(z) = 19*z - 16. Let h = 14 - 6. Let c(q) = h*t(q) - 3*w(q). Is c(-5) a composite number?
False
Suppose 3*i - i = 30. Is (894/(-15))/((-6)/i) composite?
False
Let n(g) = 4 + 0 + 372*g - 4 - 1. Is n(2) a composite number?
False
Let w(l) = 17*l**2 + 10*l - 28. Suppose 40 = -4*v - 2*c, v + c + 10 = -1. Is w(v) composite?
False
Is (-3681 - -5)/(-1)*52/16 a composite number?
True
Let i(o) = -o**2 + 8*o + 2. Let a be i(8). Let x(b) = 4*b**a + b + 10*b**2 + 2 - 2. Is x(3) composite?
True
Let s(t) = -t**3 - 21*t**2 + 39*t + 73. Let q be s(-23). Let f(m) = 254*m**2 - 1. Let l be f(1). Let c = q + l. Is c prime?
True
Suppose 2*x - 2*a = 4, x + 3*x - 5*a = 5. Suppose 2221 = x*s - 4*q, s + 1776 = 5*s - 4*q. Suppose -n + s = -34. Is n a composite number?
False
Let f(o) = -2382*o - 17. Is f(-4) a prime number?
True
Suppose 264690 = 21*p - 400737. Is p composite?
False
Is 1*(5 + 312 - -6) composite?
True
Let k(p) = -1575*p + 289. Is k(-8) a prime number?
True
Let m be 4/(-14) - 48/(-21). Suppose -m*s + 51 = -5*j, -2*j = -j + 4*s - 3. Is -4 + 0 - (-20 - j) composite?
False
Suppose 0 = -4*a - 2*d + 29812, 3*d - 2*d = 2*a - 14898. Is a a composite number?
False
Let t = -9 + 19. Suppose t = 2*z, -4*p + 4*z + 736 + 600 = 0. Is p composite?
True
Let o(f) = f**2 - 7*f - 12. Let s be o(9). Let l = s + -3. Suppose 5*n = -l*w + 1903, -w + n - 3*n = -635. Is w a prime number?
True
Suppose -3*d - 18 = -6. Suppose 5*n - 5 = 0, -9 = -3*k + n + 2. Is ((-262)/d)/(2/k) a prime number?
True
Suppose f + 17*f = 5202. Is f a composite